 Determine y(i).
-10
Suppose -3*p + 6 + 0 = 0. Let i(z) be the first derivative of -17 - 1/2*z**2 - 2*z. What is i(p)?
-4
Let c be (1/(-3))/(3 - 372/126). Let r(d) = -d**2 - 6*d - 6. Let z(a) = a**2 + 5*a + 7. Let s(t) = 4*r(t) + 3*z(t). Calculate s(c).
11
Let x = -7 + 14. Let l(m) = -x*m - 8*m + m**2 - 14*m + 34*m - 9. Determine l(-7).
5
Let q(r) = 5*r - 5. Let f be q(5). Suppose -d = 4*d - f. Let t(k) = -4*k + 3 - 2*k + 5*k + 3. Determine t(d).
2
Let w(d) = 4*d**2 - 9*d**2 + 7 + 4*d**2 + 8*d. Determine w(7).
14
Let b(f) = 3*f**2 + 3*f + 47. Let h(x) be the first derivative of x**3/3 + x**2/2 + 16*x + 11. Let v(n) = 6*b(n) - 17*h(n). What is v(0)?
10
Let j = 38 + -36. Let c(o) = -2*o + 10 - 11 + o**3 + 2*o**j - o**2. What is c(2)?
7
Let j(f) be the third derivative of 0*f + 0*f**4 - 1/12*f**5 + 5*f**2 + 0 + 7/6*f**3 - 1/120*f**6. Let x = 3 - 8. Determine j(x).
7
Let v(l) = -10*l**2 + 31*l + 17. Let z(h) = -3*h**2 + 10*h + 6. Suppose -2*y - 2*r + 14 = 0, -5*y = -5*r + 3 - 38. Let d(c) = y*z(c) - 2*v(c). Give d(8).
8
Suppose o = -15*b + 11*b - 12, b = -1. Let a(q) be the first derivative of -q**3/3 - 7*q**2/2 + 6*q - 1. What is a(o)?
-2
Let t(g) = g**3 - 5*g**2 + 5*g - 1. Let h = 1 + 3. Let u be t(h). Let j(f) = 2*f - 1 + u - 5*f. Determine j(-3).
11
Let x(b) = -b**2 - 6*b + 2. Let u(q) = 4*q**2 + 17*q - 5. Let f(l) = 4*u(l) + 14*x(l). Give f(7).
-6
Let b be (4 - 1)*1*(-97)/97. Let v(i) be the first derivative of i**4/4 + i**3 - i**2 - 1. Determine v(b).
6
Let c(b) = -b + 9. Let a(f) = -5*f**2 - 3*f + 4*f**2 - 1 - 4*f + 0*f**2. Let h be a(-6). Calculate c(h).
4
Suppose -110*n - 59 = -939. Let x(l) = -l**2 + 7*l - 8. Give x(n).
-16
Let o(b) = -b + 2. Let c be 0 + -4 + 1 + 2. Let r be -24*c/(8/12). Suppose -j + 4*j = -5*m - 35, -4*m - 4*j - r = 0. Calculate o(m).
6
Let c(h) = h**2 + 7*h - 3. Let q(l) = l + 12. Let b(j) = -2*j**2 - 3*j + 1. Let t be b(2). Let v be q(t). Let n = -7 - v. Give c(n).
-9
Let j(m) = m**2 + 2. Let c be j(0). Let h(v) be the first derivative of -3*v**4/4 + 2*v**3/3 - v**2/2 - 2*v + 139. Give h(c).
-20
Suppose -20 = -5*t - g, 5*t = 7*t - 4*g - 30. Let c(r) = -2*r**2 + 11*r - 10. Give c(t).
-5
Suppose -76 = 24*t + 68. Let y(l) = l + 3. Give y(t).
-3
Let z(o) = o**2 - 4*o + 2. Let j = -26 - -22. Let a be (-1)/((16/20)/j). Calculate z(a).
7
Suppose 0 = 6*x - 3*x + 21. Let y = x + 13. Let r be (y + 2)*3/4. Let h(b) = -b + 9. What is h(r)?
3
Let u(q) = q**2 + 18*q + 21. Let t be u(-18). Let p be (-6)/(-5)*35/t. Let g(w) = -8*w**2 - w + 7*w**p - 1 + 7*w**2 + 0*w. Determine g(-1).
6
Let b(m) = 3*m - 6. Let n(u) = 1. Let a(h) = -b(h) - 6*n(h). What is a(-2)?
6
Let h(b) = 0 - 70*b**2 + 36*b**2 + 3*b**3 + 35*b**2 + 1 + b. Determine h(2).
31
Let c(n) be the first derivative of -n**5/60 - n**4/12 + n**3 + 21. Let b(t) be the third derivative of c(t). What is b(2)?
-6
Let d = -18 + 26. Let f(c) = c**2 - 10*c + 11. Calculate f(d).
-5
Suppose 14*c - 302 + 232 = 0. Let l(t) = 7*t - 41. Determine l(c).
-6
Let w(f) = -16*f + 8870*f**2 - 6 - 8871*f**2 + 0*f. Give w(-16).
-6
Let c(a) = -11*a**2 - a - 3. Let j(u) = -12*u**2 - u - 4. Let b = -36 + 39. Let n(g) = b*j(g) - 4*c(g). Let x be (-4)/14 + 15/(-21). What is n(x)?
7
Let i(y) = y - 4. Let g be 25/6 + 4/(-24). Suppose -28 = -g*f - 3*f. Give i(f).
0
Let b(j) = -2*j**3 - 2*j**2 - j - 1. Let x = -1257 + 1255. Determine b(x).
9
Let b(g) = g - 8. Let i(f) = -6*f + 29. Let y(k) = b(k) - i(k). What is y(6)?
5
Let s(w) = -w**3 - 7*w**2 - 9*w - 1. Let k = 19 + -18. Let n(a) = -a**2 + 5*a - 8. Let o(r) = r + 1. Let f(y) = k*n(y) + 2*o(y). Let p be f(7). Calculate s(p).
17
Let q(u) = 4*u - 3. Let c(a) = -7*a + 7. Let f(x) = -3*c(x) - 5*q(x). Give f(8).
2
Let g(j) = 6*j + 3*j**2 + 2*j**3 - j**3 - 1 + 2*j**2 - j**3 - j**3. Give g(6).
-1
Suppose 27 = 4*s + 3*y, -27 = -5*s + 4*y - 1. Let u(q) be the second derivative of -q**4/12 + q**3/2 + 5*q**2/2 + q. What is u(s)?
-13
Let v(b) be the second derivative of -b**5/20 + 7*b**4/12 - b**3 - 5*b**2/2 + 80*b. Determine v(6).
-5
Let g(h) be the second derivative of h**4/3 + 5*h**3/6 - 3*h. Let w(v) = 11*v**2 + 15*v + 1. Let q(d) = 8*g(d) - 3*w(d). Calculate q(-6).
-9
Let c be (99/22 - 6) + (-11)/2. Let t(q) = q**2 + 10*q + 3. What is t(c)?
-18
Let z(f) = f**2 - 3*f - 4. Let n be z(4). Let a(k) be the second derivative of k**4/12 + 6*k**2 - 36*k. Calculate a(n).
12
Let c(p) be the third derivative of -p**6/120 - p**5/20 + p**4/12 - p**3/2 - 4*p**2. Suppose 55*n + 16 = 63*n. Calculate c(n).
-19
Let b(x) be the second derivative of x**5/10 - x**4/12 - x**3/3 - x**2/2 + 65*x. Suppose 7*w - 3*w = -4. Give b(w).
-2
Suppose 4*h - 2 = 5*i, -2*i - 15 + 7 = -4*h. Let v(n) be the first derivative of 5/2*n**2 - 8 + i*n + 1/3*n**3. Calculate v(-2).
-4
Let w(v) = -v**2 + 11*v - 6. Let y(l) = 5*l**2 - 39*l - 4. Let t be y(8). What is w(t)?
22
Let r(w) = -16*w**2 + w. Let u be 3/(-1)*(-20)/(-60). Calculate r(u).
-17
Let r(a) = -a - 4. Suppose -20 = -2*x - 3*j, 15 = 5*j + 5. Give r(x).
-11
Let p(g) = -g**3 + 9*g**2 - 8*g - 8. Suppose 396*u - 397*u = -8. Calculate p(u).
-8
Let v(b) = b**3 + 2*b**2 - 45*b - 29. Let z(n) = 2*n**3 + 5*n**2 - 98*n - 57. Let l(r) = 13*v(r) - 6*z(r). Determine l(5).
5
Let r(n) = -n + 1. Let y be 6/(-9) - 8/6. Let p be (y + 4 - 2) + 4. Determine r(p).
-3
Let s(a) = -a**3 + 5*a**2 + 8*a - 9. Let d be s(6). Let p(i) = i**2 - 7. Let c be p(d). Suppose j + c*j = 0. Let y(l) = l**2 + l + 4. Give y(j).
4
Let h(x) = -x**2 - 6*x - 3. Suppose -5 = 4*g + 5*b - 4, -g = 2*b + 4. Let q(p) = -p**3 + 6*p**2 - 2. Let j be q(g). Determine h(j).
5
Let q(c) = -4*c - 1. Let j = -14 - 6. Let h = -31 + 15. Let r = j - h. Calculate q(r).
15
Let c(h) = h**2 + 2*h + 2. Let k = 96 + -136. Let u be 3*6/81 - k/(-18). What is c(u)?
2
Let m(z) = z**3 + 3*z**2 + 3*z + 4. Let a(i) = 3*i + 60. Let w be a(-21). Give m(w).
-5
Let o(c) = -c**2 - 9*c + 14. Let r be o(-10). Suppose 0*y + 2*j + r = y, -5*j = -4*y + 13. Let x be (-4)/y*1/2. Let k(v) = -2*v - 1. Determine k(x).
1
Let j(b) = -b**3 - 18*b**2 - 19*b - 34. Suppose -x + l + 0 = 20, 3*x = -4*l - 39. Calculate j(x).
0
Let m(h) = h**2 - 19*h + 87. Let p be m(13). Let b(r) = -r**3 + 11*r**2 - 17*r - 9. Give b(p).
0
Let i(o) be the second derivative of 1/20*o**5 + 0 + 1/3*o**3 + 1/3*o**4 - 2*o + 3/2*o**2. Let q be -2 + 0/(-3) + -1. Determine i(q).
6
Let c(f) = -f**3 - 4*f**2 + 4*f - 5. Suppose -6*h + 9*h + 81 = 0. Let v = 22 + h. Calculate c(v).
0
Let c be (-30)/(-18)*(3 + -9)/(-2). Let a(l) = 5 + 9*l - 3 - 3 - 11*l**2. Let f(w) = 7*w**2 - 6*w + 1. Let s(h) = c*a(h) + 8*f(h). Give s(4).
7
Let k = 213/20 - 53/5. Let z(c) be the second derivative of 5/2*c**2 + 7/12*c**4 - 5*c + 4/3*c**3 + 0 + k*c**5. Give z(-6).
-7
Let s(b) = b**2 + 2*b - 1. Let h be 51 - (20/(-4) - -2). Suppose 0*n - 5*n - h = -2*i, -i + 20 = n. Let m = 20 - i. Determine s(m).
-1
Let v(g) be the first derivative of -5*g**2 + g + 1. Let f = -9 - -32. Let a = f - 24. Determine v(a).
11
Let t(k) be the third derivative of k**4/24 + 7*k**3/6 - 164*k**2. Suppose 2*u - 2*d + 3 = -3, -20 = 5*u - 4*d. Give t(u).
-1
Let i(q) = q**2 - q - 1. Let d(f) = -5*f**2 + 6*f + 9. Let n(o) = -d(o) - 4*i(o). Let l(v) = v**3 - 9*v**2 - 10*v + 4. Let b be l(10). Determine n(b).
3
Let m(l) = 2*l - 6. Let w be (22/(-4))/(1/2). Calculate m(w).
-28
Let v(z) be the second derivative of z**4/12 + 4*z**3/3 - 27*z**2/2 - 21*z + 2. Calculate v(-11).
6
Let r = -28 + 169/6. Let y(z) be the second derivative of 1/20*z**5 - 4*z + 0 - 1/3*z**3 - 1/2*z**2 - r*z**4. Determine y(3).
2
Let z(p) be the first derivative of 6*p - 18 - 1/2*p**2. Calculate z(10).
-4
Let f(w) = -w - 2. Let i be 106/(-22) + (-20)/110. Calculate f(i).
3
Suppose 7 = 4*u + 2*c + 1, 3*u - 4*c = 32. Let w be u - -3*22/(-6). Let a = -11 - w. Let o(p) = p**2 + 6*p + 5. Determine o(a).
-3
Suppose 3*f + 77 = 47. Let d(p) = p - 1. Calculate d(f).
-11
Let f(j) = j + 4. Let p = -12 - -20. Let t = -5 + p. Suppose 4*b - t*b = 3. Calculate f(b).
7
Let p(q) = 5*q**2 - 3*q + 8. Let r(m) = -4*m**2 + 3*m - 7. Let j(u) = -5*p(u) - 6*r(u). Let g be j(-4). Let a(i) = 8*i + 1. Determine a(g).
-15
Let b be (-20)/(-190) - 546/(-228). Let c(g) be the first derivative of -b*g**2 - g + 6. Calculate c(-2).
9
Suppose 0 = z + z - 12. Let f(b) = z + 2 - 4 - 2*